 + 6. Give z(9).
6
Let q(f) = f**3 - 5*f**2 - 8*f + 1. Give q(7).
43
Let h(v) = v**2 - 7*v - 211. Calculate h(17).
-41
Let x(u) = -u**3 + 7*u**2 - 6*u - 4. Give x(6).
-4
Let m(j) = -j**3 + 9*j - 3. What is m(-4)?
25
Let g(k) = -k**2 + 17*k - 4. Determine g(14).
38
Let l(i) = 4*i**3 - 18*i**2 + 17*i + 6. Determine l(3).
3
Let k(x) = -x**2 - 9*x - 2. What is k(-4)?
18
Let a(f) = f**2 - 13*f + 37. Calculate a(10).
7
Let q(n) = -n**2 - 9*n - 3. Give q(-11).
-25
Let l(t) = -14*t**2 + 6*t + 6. What is l(-1)?
-14
Let k(h) = -h**2 + 9*h - 1. Calculate k(9).
-1
Let k(v) = v**3 + 13*v**2 + 34*v - 15. Give k(-9).
3
Let n(t) = -4*t - 8. Give n(-10).
32
Let r(s) = s**2 - s - 2. Give r(-2).
4
Let c(o) = -5*o + 273. Calculate c(51).
18
Let x(q) = q**2 - 10*q + 3. Determine x(-5).
78
Let s(q) = -10*q**2 + q - 1. What is s(1)?
-10
Let n(o) = -15*o + 1. What is n(-1)?
16
Let t(m) = 2*m**3 - 5*m**2 + 10*m - 3. Determine t(3).
36
Let l(b) = b**3 - 47*b**2 + 48*b - 93. Give l(46).
-1
Let f(q) = -q**3 - 10*q**2 + 10*q + 3. What is f(-11)?
14
Let q(x) = 2*x**3 - 21*x**2 - 6*x - 62. Give q(11).
-7
Let x(d) = -5*d - 36. Calculate x(-5).
-11
Let i(u) = 4*u - 8. What is i(7)?
20
Let p(t) = -2*t**3 + 12*t**2 + 6*t - 5. Give p(6).
31
Let l(i) = 3*i**2 - 6*i + 10. Calculate l(-5).
115
Let m(u) = -3*u + 1. What is m(9)?
-26
Let l(r) = r**2 + 17*r + 9. Give l(-16).
-7
Let n(x) = -4*x**2 + 2*x - 8. What is n(3)?
-38
Let f(j) = -j**3 + 41*j**2 - 77*j - 35. Give f(39).
4
Let l(p) = -p**3 - 15*p**2 + p - 3. Give l(-15).
-18
Let y(c) = -c**3 + 7*c**2 + 58*c + 20. Determine y(12).
-4
Let j(i) = -i**3 - 8*i**2 + 107*i + 24. Determine j(-15).
-6
Let n(t) = t**2 + 13*t - 11. Calculate n(-13).
-11
Let j(v) = v**3 + 6*v**2 - v - 20. What is j(-6)?
-14
Let l(q) = -q**3 - 17*q**2 - 15*q + 12. What is l(-16)?
-4
Let k(l) = l**2 + 6*l + 1. Calculate k(-7).
8
Let r(l) = 6*l**2 - 2*l - 3. Give r(-1).
5
Let k(o) = -o - 3. Calculate k(7).
-10
Let i(r) = 9*r - 2. Determine i(1).
7
Let x(w) = -w**3 - 9*w**2 + 11*w + 3. Determine x(-11).
124
Let d(z) = 2*z**2 + 16*z - 22. What is d(-10)?
18
Let o(i) = -i**2 - 30*i - 127. Give o(-4).
-23
Let k(i) = -2*i**3 + 2*i**2 + 13*i + 8. Calculate k(4).
-36
Let h(m) = 19*m + 3. What is h(-2)?
-35
Let c(n) = -n**2 + 3*n - 16. Calculate c(12).
-124
Let k(h) = 12*h**3 - 2*h**2 - 3*h - 2. Calculate k(-1).
-13
Let q(y) = -y**3 + 4*y**2 + 4*y + 15. Calculate q(7).
-104
Let n(j) = 6*j - 9. What is n(3)?
9
Let d(x) = -44*x**3 - x**2 - x - 2. Give d(-1).
42
Let k(t) = -t**2 + 4*t + 11. What is k(-6)?
-49
Let v(w) = 47*w**2 + 3*w - 2. Determine v(1).
48
Let s(k) = 61*k**2 - 2*k - 2. Calculate s(-1).
61
Let r(v) = -v**3 + 20*v**2 - v + 25. Determine r(20).
5
Let m(j) = -j**3 + 12*j**2 - 27*j - 5. What is m(8)?
35
Let z(m) = -2*m**3 - 13*m**2 - 3*m - 17. What is z(-6)?
-35
Let d(c) = -4*c + 25. What is d(17)?
-43
Let q(x) = -x**2 - 12*x - 30. Calculate q(-10).
-10
Let c(d) = -15*d + 743. What is c(50)?
-7
Let k(m) = 6*m - 18. Give k(4).
6
Let a(h) = h - 15. Determine a(12).
-3
Let u(f) = f**2 - 8*f - 15. What is u(9)?
-6
Let m(l) = 9*l**2 - 3*l. What is m(2)?
30
Let w(i) = 2*i**2 + 4*i - 10. Determine w(-4).
6
Let n(t) = -41*t - 24. Determine n(-1).
17
Let u(t) = -t**2 - 3*t + 5. Give u(-7).
-23
Let l(b) = -2*b**2 - 35*b + 414. Calculate l(8).
6
Let h(w) = -w**3 + 17*w**2 + w - 20. Give h(17).
-3
Let n(s) = -4*s + 50. Calculate n(11).
6
Let k(a) = a**2 - 9*a - 1. What is k(10)?
9
Let u(o) = 20*o - 2. Determine u(1).
18
Let r(q) = q**3 - q**2 + 3*q + 1. Give r(-2).
-17
Let i(d) = -d**3 - d**2 - 2. Give i(-2).
2
Let i(q) = 2*q**3 + 5*q**2 + 6*q + 2. Calculate i(-2).
-6
Let l(q) = 9*q + 8. Calculate l(-5).
-37
Let p(g) = -2*g**3 - 6*g**2 - g. Give p(-4).
36
Let g(k) = k**2 + 6*k + 2. What is g(-5)?
-3
Let z(c) = -30*c. Determine z(1).
-30
Let x(m) = m**3 + 13*m**2 - 29*m + 3. Calculate x(-15).
-12
Let c(l) = l**2 - 58*l + 318. Give c(6).
6
Let q(f) = 6*f. What is q(-2)?
-12
Let l(w) = -7*w**2 - 63*w + 5. Calculate l(-9).
5
Let s(b) = -5*b - 11. Give s(-4).
9
Let z(g) = -29*g**3 + 3*g - 3. Give z(1).
-29
Let d(s) = 32*s - 1. Determine d(-1).
-33
Let q(m) = m + 6. What is q(-16)?
-10
Let m(q) = 3*q**2 - 5*q - 47. Give m(-3).
-5
Let m(k) = k**3 - 15*k**2 + k - 1. What is m(15)?
14
Let z(a) = a**2 - 2*a - 2. What is z(-6)?
46
Let r(n) = n**3 + n**2 - 4*n - 4. Give r(-3).
-10
Let v(m) = -m**2 - 10*m - 24. What is v(-6)?
0
Let a(s) = -s**2 + 8*s - 2. Give a(6).
10
Let u(p) = 2*p**2 - 14*p - 5. Give u(8).
11
Let x(b) = -b**3 + 7*b**2 - 4*b - 4. What is x(6)?
8
Let d(k) = -k**3 - k**2 + 3*k - 6. What is d(-3)?
3
Let u(m) = -m**2 - 9*m - 9. What is u(-7)?
5
Let c(s) = 90*s + 3. Calculate c(1).
93
Let w(o) = -o - 23. Calculate w(-19).
-4
Let r(d) = -d**2 + d + 699. Determine r(-26).
-3
Let p(c) = c + 9. What is p(1)?
10
Let d(c) = 10*c - 96. Determine d(9).
-6
Let o(f) = f + 12. Give o(-19).
-7
Let m(f) = -27*f**2 + 541*f - 16. Give m(20).
4
Let h(p) = p**3 + 12*p**2 + 8*p + 7. Determine h(-11).
40
Let a(t) = -15*t + 35. Determine a(2).
5
Let a(p) = p**3 + 14*p**2 + 43*p - 20. What is a(-9)?
-2
Let y(x) = -6*x - 5. Determine y(-2).
7
Let x(n) = n**2 + 2*n - 3. Give x(-3).
0
Let c(a) = -20*a**2 - 5*a + 3. What is c(1)?
-22
Let a(t) = 12*t + 15. Calculate a(-2).
-9
Let q(k) = 3*k**3 + 6*k**2 + 2*k - 1. What is q(-2)?
-5
Let r(m) = -m**2 - 5*m. Calculate r(-5).
0
Let d(h) = -6*h - 24. Calculate d(-5).
6
Let p(f) = f**3 + 7*f**2 - 8*f - 9. Calculate p(-6).
75
Let t(x) = x - 10. What is t(17)?
7
Let b(p) = -p**3 + 7*p**2 + 17*p - 7. What is b(9)?
-16
Let k(i) = i**3 - 5*i**2 + i + 12. Determine k(3).
-3
Let c(y) = -y**3 - 11*y**2 - 5*y. Give c(-10).
-50
Let j(m) = -2*m**2 - 67*m - 92. Determine j(-32).
4
Let c(y) = -19*y. Determine c(-2).
38
Let v(h) = 2*h**2 + 9*h - 8. Determine v(-6).
10
Let y(u) = -58*u + 7. Determine y(2).
-109
Let o(t) = 3*t. Calculate o(-5).
-15
Let m(u) = -3*u + 87. Give m(21).
24
Let b(a) = 3*a - 17. Calculate b(14).
25
Let i(g) = -16*g**2 + 7*g + 5. What is i(-1)?
-18
Let q(o) = -o**2 - 10*o + 10. Give q(-9).
19
Let i(f) = -7*f - 18. Calculate i(-6).
24
Let x(c) = 12*c + 73. What is x(-6)?
1
Let q(g) = 25*g + 159. Determine q(-6).
9
Let t(i) = -4*i - 17. What is t(-12)?
31
Let g(q) = 3*q**2 + 148*q - 105. What is g(-50)?
-5
Let g(x) = x**3 - 7*x**2 + 7*x + 11. Give g(6).
17
Let b(g) = 8*g**3 + 2*g**2 + 3*g + 2. What is b(-2)?
-60
Let k(j) = j**3 + 3*j**2 - 3*j + 2. What is k(-4)?
-2
Let v(j) = -j**3 + 2*j**2 - 7*j - 3. Calculate v(6).
-189
Let o(u) = 5*u - 2. Give o(-2).
-12
Let r(q) = 109*q**3 + 4*q**2 + 4*q - 1. Determine r(-1).
-110
Let r(g) = -2*g - 7. Calculate r(-3).
-1
Let v(o) = 6*o**2 + 4*o - 2. Give v(-4).
78
Let i(q) = q**2 + 14*q + 38. Calculate i(-10).
-2
Let p(x) = -35*x**2 - 2*x + 1. Calculate p(1).
-36
Let l(z) = -z**2 + 43*z - 26. What is l(42)?
16
Let g(s) = -s**2 + 19*s - 89. What is g(9)?
1
Let s(g) = -g**3 - 9*g**2 - 5*g - 8. Determine s(-8).
-32
Let y(s) = -s**2 + 8*s + 58. What is y(11)?
25
Let l(g) = 2*g**2 - 3*g + 1. Give l(2).
3
Let l(i) = 21*i - 124. Determine l(7).
23
Let o(u) = -u**2 + 5*u + 145. What is o(-11)?
-31
Let y(w) = -w**3 + 21*w**2 + 73*w - 28. Calculate y(24).
-4
Let m(k) = -k**2 + 14*k - 19. Give m(13).
-6
Let g(j) = -j + 22. Calculate g(12).
10
Let o(l) = -7*l**2 + 5*l + 6. Give o(-3).
-72
Let f(t) = -t**3 + 5*t**2 + 8*t - 11. Determine f(6).
1
Let m(r) = r**2 + 2*r - 3. What is m(-3)?
0
Let k(r) = 2*r**3 - 45*r**2 - 70*r - 45. Give k(24).
3
Let t(q) = 6*q**2 - 4*q - 6. Calculate t(-1).
4
Let x(a) = a**3 + 7*a**2 - a + 21. Give x(-7).
28
Let t(b) = b**3 + 11*b**2 + 34*b - 10. Give t(-6).
-34
Let w(p) = -p**3 - 6*p**2 + 7*p - 3. What is w(-6)?
-45
Let d(l) = -l**2 + l + 5. What is d(3)?
-1
Let b(f) = f**3 + 5*f**2 - 22*f + 12. Determine b(-8).
-4
Let c(a) = 2*a**3 + 8*a**2 - 10*a + 2. Give c(-5).
2
Let p(j) = 2*j**2 - 11*j + 6. Determine p(4).
-6
Let o(c) = -c + 3. What is o(3)?
0
Let z(x) = 3*x**3 - 2*x**2 + x. Determine z(2).
18
Let p(i) = -4*i**3 - 27*i**2 + 3*i - 5. Determine p(-7).
23
Let m(l) = -5*l + 16. Give m(5).
-9
Let h(q) = 46*q + 1. What is h(-1)?
-45
Let b(o) = -3*o**2 + 65*o - 42. Give b(21).
0
Let j(p) = 10*p - 19. Give j(6).
41
Let w(v) = v**3 - 4*v**2 + 2*v - 8. Determine w(6).
76
Let m(l) = l**3 -